ghest common divisor of 225 and t.
45
Suppose 4*f + f = 30. Let j be (162/(-63))/(f/(-28)). Suppose -90 = -0*u - 3*u. What is the greatest common divisor of u and j?
6
Let s(m) = 4*m - 4. Suppose 3*w = 5*w - 16. Let h be s(w). Calculate the highest common divisor of h and 84.
28
Let f be (-4)/(-24)*69 - 19/(-38). Calculate the highest common factor of f and 1296.
12
Let u = -19 - -58. Suppose 3*v - 109 = -4*r, -u = -0*v - v - 4*r. Calculate the greatest common divisor of v and 5.
5
Let o be (42/4)/(3/28). Suppose 0 = -745*n + 752*n - 98. Calculate the highest common divisor of n and o.
14
Let m = -4 - -6. Let h be 93/(-9) - m/3. Let d be 2/h - (-369)/33. What is the highest common factor of d and 33?
11
Suppose 2*p = -3*m + 7*p + 8, 0 = m - 2*p - 3. Calculate the greatest common factor of m and 1.
1
Let o(n) = -434*n - 125. Let r be o(-6). What is the greatest common divisor of 67 and r?
67
Let p = -173 + 177. Calculate the highest common divisor of p and 34.
2
Let v = -103 + 487. Suppose 0*p - v = -2*p. Suppose -5*l = u - 66, p = 4*u - 2*l + 4*l. Calculate the highest common factor of 115 and u.
23
Suppose -2*q + 3*y + 8 = -88, 6*q - 314 = -4*y. What is the greatest common divisor of q and 221?
17
Let i be (1270 + (-3 - 0) - -3) + 2. What is the highest common factor of 24 and i?
24
Let c = -586 + 576. Let g(b) = b - 9 + 29 + 0*b. Let o be g(c). What is the highest common factor of 15 and o?
5
Let k be (-184)/(-48) - (-3)/18. Suppose 0*r + v = -r, v - 15 = -k*r. Suppose -r - 51 = -2*m. What is the greatest common divisor of m and 70?
14
Let t(q) = q**3 + 12*q**2 + 25*q - 23. Let z be t(-8). Let h = -79 + 134. Calculate the greatest common divisor of h and z.
11
Let b = 262 + -147. Let m = b + 17. Calculate the greatest common divisor of m and 12.
12
Suppose -2*q - 2*q = -8. Suppose y - 9 = -q*y. Suppose 99 = 5*j - 36. What is the greatest common divisor of j and y?
3
Suppose 0 = r - o + 6, 5*o + 0*o + 36 = -r. Let u be (-4)/(-22) + (-691)/r. What is the highest common factor of 21 and u?
21
Let y = 281 + -182. What is the greatest common factor of 66 and y?
33
Suppose 4*k = -2*s + 64, s + 92 = 4*s + 2*k. Let i = 1 - -7. Let v be (5/(-2))/(i/(-48)). Calculate the highest common divisor of s and v.
15
Let t(v) be the first derivative of -13*v**2/2 + 3*v + 10. Let z be t(-1). What is the greatest common factor of z and 48?
16
Let g = 302 - 265. What is the greatest common divisor of g and 481?
37
Let h = -143 + 173. Let t be (6/(-7))/((-2)/14). What is the greatest common divisor of h and t?
6
Let w = 404 + -380. Calculate the highest common factor of 66 and w.
6
Let p(k) = -k**3 + 11*k**2 + 14*k - 7. Let d be p(12). Calculate the highest common factor of 1 and d.
1
Let y = -1 + 6. Suppose 3*b + 6 = -3*n, b + 3*n = 2*b - 6. Suppose 7*u - 2*u = -5*j + 20, b = -y*j - u + 20. What is the highest common divisor of j and 44?
4
Suppose -2*q - 1 = -3, -4*q = 4*s - 20. Let a be 2*-44*5/(-10). What is the highest common factor of a and s?
4
Let v(o) = 2*o**3 + 3*o**2 - 3*o - 24. Let f be v(3). What is the highest common divisor of 1200 and f?
48
Let z = -834 + 850. Calculate the highest common divisor of 1744 and z.
16
Let d be (-15 - -11)/(2/(-168)). Suppose q + 313 = 2*z, -3*q - 138 = -3*z + d. What is the greatest common factor of 31 and z?
31
Let c(n) = -n**3 - 8*n**2 - 23*n - 10. Let v be c(-10). What is the greatest common factor of v and 28?
28
Let i be -1 + (7 - -1) - -32. What is the greatest common divisor of i and 104?
13
Suppose 162 + 314 = 7*a. Let v = -62 + a. What is the highest common divisor of v and 4?
2
Suppose 3*o - 2*v - 2595 + 107 = 0, 0 = -5*v + 20. What is the highest common factor of o and 128?
64
Suppose h - 13*b = -12*b, 0 = h + 5*b - 12. What is the highest common divisor of h and 8?
2
Let u be 42124/24 - (-4)/((-24)/1). What is the greatest common factor of u and 27?
27
Let n be -366*(-4 - 42/(-9)). Let s be 0 + 282/8 + (-183)/n. What is the highest common divisor of 4 and s?
4
Suppose 33*a - 477 = 24*a. What is the highest common factor of a and 265?
53
Let l = 1 + -1. Suppose -50 = -4*t - 3*x, -5*x - 23 = -3*t - l*x. Suppose 338*z - 339*z + 11 = 0. Calculate the highest common divisor of z and t.
11
Suppose 5*i - 53 = 4*g, i - 6*g + g + 2 = 0. Suppose -3*q + 5*a + 100 = 0, -q - 3*a + i = 3. Calculate the greatest common factor of 175 and q.
25
Let q be 3 - -638 - 5/(25/15). What is the highest common divisor of q and 232?
58
Suppose 284 = 2*r + 38. Let z be (0 - 2 - 0) + r. Let y be (1*-1)/(20/(-220)). What is the highest common divisor of z and y?
11
Let p(c) = 8*c + 4. Let u = -53 - -96. Suppose -5*m - 8 = -u. Let z be p(m). What is the highest common factor of z and 12?
12
Let p be (8/(-2) - (0 + 0))*-2. Calculate the greatest common divisor of p and 40.
8
Let r(s) = -107*s + 1. Let a(j) = -j**2 - 5*j - 1. Suppose -2*w = 2*w + 20. Let g be a(w). Let z be r(g). What is the highest common divisor of z and 12?
12
Let b(c) = -c**3 + 17*c**2 + 18*c + 21. Let z be b(18). Calculate the highest common factor of z and 6.
3
Suppose -204 = -26*j + 14*j. What is the highest common factor of 272 and j?
17
Let n(i) = -3*i - 7. Let y be n(-7). Let c = -6 - 0. Let f be (-3)/c + (-332)/(-8). Calculate the highest common factor of f and y.
14
Let r be (21/(-6))/7*0. Suppose -3*n - 2*s + 19 = r, -2*n + 49 = 3*n - s. Let g be 81/n + 1*-1. Calculate the greatest common divisor of 1 and g.
1
Let b(j) = j**3 + 7*j**2 - 10*j - 12. Let g be b(-8). Suppose 4*u - 60 = -4*x, -3*u + 27 = g*x - 30. Calculate the greatest common factor of x and 132.
12
Let y be (-354)/(-30) - (0 - (-1)/(-5)). Suppose 196 = -5*g + y*g. Calculate the highest common factor of g and 21.
7
Let o be (0 + 48/4 + -1)*1. Let z = 1 - -10. Calculate the greatest common factor of o and z.
11
Suppose 4*u + 5*r - 304 + 77 = 0, -3*u + 164 = 5*r. Let y(p) = 12*p**2 - 2*p - 2. Let f be y(2). Calculate the greatest common factor of f and u.
21
Let a(g) = g + 28. Let k be a(-16). Let n(m) = -m**2 + 18*m - 30. Let q be n(k). Calculate the highest common divisor of q and 6.
6
Let p be ((-20)/6)/(1/(-12)). Suppose 48 = 4*y - 32. Suppose 0*d + 5 = 5*d, -5*b + 5*d = -y. Calculate the highest common divisor of b and p.
5
Let a(i) = -i**3 - 3*i**2 + 6*i - 6. Let k be a(-5). Let x(v) = -9*v - 6. Let l be x(-3). What is the greatest common divisor of l and k?
7
Suppose 4 = -5*d + 14. Suppose -w + 123 = 4*m - 2*w, w + 59 = d*m. Let i be (-207)/(-4) + 8/m. What is the greatest common divisor of 13 and i?
13
Let c = -1 + 1. Suppose -19 = 2*y + 5*v, 0 = -v + 5*v + 20. Suppose w - y*w + 66 = c. What is the greatest common factor of 11 and w?
11
Suppose 0 = -4*p - 9*p + 520. Suppose -i + 295 = -3*s, -2 + 3 = i. Let x be -1 + (3 - s) + 0. What is the highest common factor of p and x?
20
Suppose 12*t = 17*t + 15. Let w be -2 + (-2 - (-3 + 0)) - t. What is the greatest common divisor of 22 and w?
2
Let p(b) = b**3 - 16*b**2 + 15*b - 96. Let f be p(16). Let d be (-2)/2 - (-39)/3. What is the greatest common factor of f and d?
12
Let j(w) = w**3 - 15*w**2 + 6*w - 46. Let m be j(15). Calculate the greatest common factor of m and 198.
22
Let t(h) = 2*h**2 + 29*h + 17. Let u be t(-14). What is the highest common divisor of 99 and u?
3
Suppose 194*p = 191*p + 912. Calculate the greatest common factor of p and 19.
19
Let a = -68 + 471. Calculate the highest common divisor of 13 and a.
13
Let b(y) = -y + 11. Let w be b(-10). Suppose 0 = -w*h + 28*h - 126. What is the greatest common divisor of h and 45?
9
Suppose 5*l = -4*m + 3573 + 5252, 0 = -3*m + 2*l + 6613. What is the highest common divisor of m and 45?
45
Let z(g) = 49*g**2 + 4*g + 5. Let x be z(-6). Let m = -1002 + x. Let r = m - 424. What is the highest common divisor of 29 and r?
29
Let n(f) = -f**3 - f + 4. Let j(m) = -m**2 - 3*m - 5. Let c be j(-2). Let i be n(c). Let a = i + -22. What is the highest common factor of 30 and a?
6
Let c be (-47 + 48)*1*23*2. Calculate the greatest common factor of c and 46.
46
Let y = 17 - 12. Suppose -7*u = -y*u. Suppose -5*l - 9 + 59 = u. What is the greatest common divisor of 25 and l?
5
Suppose 65*k - 23*k + 62*k - 520 = 0. Let w be 2 - 0 - (-12)/4. What is the highest common divisor of w and k?
5
Let z = -110 